Let b(o) = -6*o - 2. Suppose 30*q = 33*q + 15. Let y be b(q). Calculate the greatest common divisor of c and y.
28
Let n = 47 - 42. Let z be (24/20)/(2/n). Calculate the highest common divisor of 9 and z.
3
Let h(t) = -6*t - 6. Let s be h(-4). Let j be (-51 - -7)/(1/1). Let w = -26 - j. What is the greatest common divisor of w and s?
18
Suppose 2*b + 16 = 4*p, -b = -5 + 1. Calculate the highest common divisor of 24 and p.
6
Suppose 633 + 1347 = 9*d. Calculate the highest common divisor of d and 5.
5
Suppose -2*w = 4*t - 1778, 4*t - 1019 = -3*w + 764. What is the highest common factor of t and 34?
34
Suppose 5*i - 26 = -2*d, 6*i - 14 = 4*i - 2*d. Suppose -a = u - 123, i*a + 3*u - 187 - 308 = 0. Calculate the greatest common divisor of 9 and a.
9
Let q(l) = l**2 + 8*l + 10. Suppose 7*r - 20 = 3*r. Let f be q(r). Let h(v) = 29*v**2 + 1. Let d be h(-1). What is the highest common factor of f and d?
15
Suppose -2*a + 0*j + 28 = j, -4*a = -2*j - 72. Suppose 0 = 10*q - 95 - 65. Calculate the greatest common divisor of a and q.
16
Let z(n) = -n**3 + 17*n**2 + 90*n - 43. Let f be z(21). What is the greatest common factor of 2 and f?
1
Let f(x) = -x**2 + 8*x - 2. Let d be f(7). Suppose -1 = -d*k + 374. Let p be (0 - -2)*15/2. Calculate the highest common divisor of k and p.
15
Let b(h) = h**3 - h**2 + 42. Let o be b(0). Calculate the highest common divisor of o and 315.
21
Let t be (18 + 0)*(-16)/(-6). Suppose 4392 = -27*q + 88*q. Calculate the highest common divisor of t and q.
24
Suppose -15 = -i - z, 0 = i + 4*i - 2*z - 68. Let s = 607 - 593. What is the highest common divisor of s and i?
14
Suppose 5*p - 24 = -4*f, 28 = 7*p - 3*p + f. Let y = -122 + 210. What is the highest common factor of y and p?
8
Let r(u) = u**3 - 26*u**2 + 4*u + 43. Let o be r(26). Calculate the greatest common factor of 21 and o.
21
Let f(i) be the second derivative of i**4/6 + 3*i**3/2 + 8*i**2 + i. Let m be f(-8). What is the highest common divisor of 8 and m?
8
Let n = 68 - 108. Let c be ((-63)/(-2))/((-10)/n). Calculate the highest common divisor of 14 and c.
14
Let j(p) = -p**2 + 14*p - 8. Let g be j(13). Let o = -10 - -6. Let h be 1*o*(-15)/4. What is the greatest common factor of g and h?
5
Let c be 885*1*(-54)/(-45). Calculate the highest common divisor of c and 18.
18
Let c = -259 + 515. Calculate the highest common divisor of c and 8.
8
Let w be (4/(-2))/((-8)/16). Let v(r) = -r**2 + 2*r + 7. Let l be v(4). Let k be 2 - (-4)/(-4) - l. Calculate the greatest common factor of w and k.
2
Let y be 3/((-6)/(-46))*1. Let a be ((-37)/74)/(-3 - (-274)/92). Calculate the highest common divisor of a and y.
23
Suppose 2 = 3*t - 10. Suppose 8*l - 5 = 3*l + t*w, 5*w - 5 = 4*l. Suppose 0*f - l*n + 233 = 4*f, 3*n + 37 = f. Calculate the greatest common factor of 78 and f.
26
Let b(k) = k - 2. Let d be b(0). Let y be (-1)/d + (-66)/(-12). Suppose y*f - 75 = f. What is the greatest common factor of 30 and f?
15
Suppose 3*k + 2*k + 5*i - 245 = 0, -4*i + 58 = k. Suppose -h + 28 = 4*v, -4*v - 4*h = v - k. Calculate the highest common factor of v and 66.
6
Let m be (-2)/(-2)*(12/3 - -16). Suppose 480 = -10*l + m*l. Calculate the highest common factor of l and 6.
6
Let u be (32/6)/(2/33). Suppose -5*k - 7*r + 145 = 0, 2*k + 22*r - 27*r = 19. Calculate the greatest common factor of k and u.
22
Let w = -109 - -115. Calculate the greatest common factor of w and 32.
2
Let i = 4 - 6. Let r be (2 + 4)/(i/(-5)). Suppose f = -5*a + 35 + 100, -3*f - a = -405. What is the highest common factor of r and f?
15
Let t = 8 - -21. Let a be -87*2/9*6/(-4). Calculate the greatest common divisor of t and a.
29
Let v(u) = -u**3 - 7*u**2 + 20*u + 20. Let x be v(-9). What is the greatest common divisor of 9 and x?
1
Suppose 49 + 53 = 34*j. Let d = 3 - -6. What is the greatest common factor of j and d?
3
Let p = 22 + 38. Suppose 9*w - 83 = 133. Calculate the greatest common factor of p and w.
12
Let h = -11 - -11. Let v = h - -21. Let o(p) = -36*p + 3. Let c be o(-4). Calculate the highest common divisor of c and v.
21
Suppose -44 = -6*k + 148. What is the highest common divisor of k and 272?
16
Let z(g) = 3*g**3 - 5*g**2 - 3*g - 4. Let i be z(4). Let q = 42 - i. Let y be (2 + -3)/(2/q). What is the highest common factor of y and 3?
3
Suppose 0 = -2*p + 1168 - 610. What is the greatest common factor of p and 341?
31
Suppose 5*t - o - 320 = -5*o, -3*t + 192 = -4*o. Suppose 5*v - 50 = -5*g, -t - 36 = -5*g + 5*v. Calculate the greatest common factor of g and 60.
15
Let w(o) = 10*o**2 + 3*o + 2. Let v be w(-1). Suppose -v = p - 2*p. Calculate the highest common factor of 45 and p.
9
Suppose -2*k = -4*m + 86, 2*k - 75 = -3*m - 0*k. What is the highest common divisor of m and 391?
23
Suppose -3*y - 2*y = -275. Let r = y - 39. Suppose 148*l - 42 = 3510. Calculate the greatest common factor of l and r.
8
Let m = 246 - 103. What is the highest common divisor of m and 13?
13
Let j(l) = -1 - 3 + 22*l - 28*l. Let u be j(-4). Calculate the highest common factor of u and 5.
5
Suppose 13*v - 3561 = 2887. What is the greatest common divisor of v and 16?
16
Suppose 3*c - 40 = o, c - 2*o + 4*o - 4 = 0. Calculate the greatest common factor of c and 48.
12
Suppose 0 = 2*g - g - 4. Let i(b) = -3*b**3 - 3*b**2 + 2. Let y be i(-3). Let q be 8/20 + y/10. What is the greatest common divisor of q and g?
2
Let n = 1216 + -1197. What is the greatest common factor of 304 and n?
19
Suppose 3*l = 4*l - 11. Let d(n) = -n + 23. Let t be d(l). Suppose m - 264 = -m. Calculate the greatest common factor of m and t.
12
Let t be 0 + 1 + 6 - -1. Suppose -6*w + t = -4. Suppose -w*k = -k - 11. Calculate the highest common divisor of 99 and k.
11
Suppose v = -5*t + 316, 8*t - 9*t - 5*v = -44. What is the highest common divisor of t and 4?
4
Let x(h) = -h**2 + 25*h - 134. Let m be x(17). What is the greatest common factor of 109 and m?
1
Let t(u) = -u**3 + 9*u**2 - 13*u - 5. Let h be t(7). Suppose 4*z - 68 = -j, 2*j = z - h*z + 10. Calculate the greatest common factor of 12 and z.
6
Let f be 26/5 - (-7)/(-35). Let x(g) = 2*g**3 - 8*g**2 - 8*g + 8. Let w be x(f). Calculate the highest common factor of 45 and w.
9
Let z be (5 - 6)/(2/(-14)). Let f be 1 + 3 - 9/(-3). Calculate the highest common factor of f and z.
7
Suppose 0 = -6*u + 28843 + 1595. What is the highest common divisor of 19 and u?
19
Let k(n) = 9*n**3 + 2*n**2 + 5*n - 6. Let b be k(3). Calculate the highest common factor of b and 108.
54
Suppose -8*o + 4*o + 16 = 0. Suppose 4*h = -4, -o*r = -2*r - 5*h - 93. Calculate the greatest common factor of r and 11.
11
Suppose 0 = 4*f + 3*u - 214, 3*f - 23 = 3*u + 127. Let n be 2/6 + 38/3. What is the greatest common factor of n and f?
13
Suppose 37 - 142 = -7*p. Suppose 0 = -3*m + 4 + 2. Suppose 0*c = 3*c + m*z - 23, -4 = -z. What is the highest common divisor of c and p?
5
Let r be (-95 + -2)*(3 - 4). Suppose 2*q - 5*o - 106 - r = 0, 0 = -4*o + 4. Calculate the highest common divisor of 13 and q.
13
Let z be (0/4)/(-4) + 2. Let a = -38 + 65. Suppose -a - 3 = -z*f. What is the greatest common factor of 45 and f?
15
Let c be (0 - 50/(-3))/(174/(-783)). Let r be 20/c*-172 - (-2)/15. What is the highest common factor of r and 506?
46
Let u = 304 + -227. What is the highest common divisor of u and 7?
7
Let r(s) be the first derivative of 28*s - 6 - 1/2*s**2. Let y be r(7). Calculate the highest common factor of y and 168.
21
Let i(l) = l**2 + 14*l - 5. Let a = 85 - 101. Let d be i(a). Calculate the greatest common divisor of 81 and d.
27
Let r(l) = -12*l + 2. Let x be r(-3). Let u = x + -24. Calculate the greatest common divisor of u and 28.
14
Let i = 232 - -80. Calculate the highest common divisor of 39 and i.
39
Suppose -64 = 5*y + 16. Let t = y + 15. Let s be 3/((t + 0)/(-2)). What is the highest common divisor of 6 and s?
6
Let b = 62 - 41. Suppose b = -w + 2*w. Calculate the highest common divisor of 42 and w.
21
Let k(r) = 17*r**2 + 20*r + 87. Let p be k(-17). Calculate the highest common factor of p and 20.
20
Let q(f) = 102*f - 108. Let w be q(3). Calculate the greatest common divisor of w and 22.
22
Suppose -j - 58 = m, -5*j + 4*m - m = 258. Let k = j - -76. Let d = 8 - 6. What is the highest common divisor of d and k?
2
Suppose -9 = -3*y